Is 506453741 composite?
False
Is 1141005737 a composite number?
True
Is 1559988827 a prime number?
True
Is 87957943243 a prime number?
True
Is 229063327 a composite number?
True
Is 7612194145 a composite number?
True
Is 164954123 prime?
False
Is 12318313363 a composite number?
False
Is 105996214221 a composite number?
True
Is 7665509 prime?
False
Is 1007760239 prime?
True
Is 1499242627 a composite number?
True
Is 164921129 prime?
True
Is 110277917 composite?
True
Is 23090524123 a prime number?
False
Is 192234893 composite?
False
Is 520244561 prime?
True
Is 51805172689 a prime number?
False
Is 3026689187 a prime number?
True
Is 648381491 a composite number?
False
Is 42749273585 prime?
False
Is 23537474969 prime?
True
Is 1127295079 a prime number?
False
Is 1960654957 a prime number?
True
Is 286252539205 composite?
True
Is 51271496677 a composite number?
False
Is 528115333 a composite number?
True
Is 34901211953 prime?
False
Is 129137047463 a composite number?
False
Is 67597932287 composite?
False
Is 5547777167 prime?
True
Is 1443398543 a composite number?
True
Is 527732519 prime?
True
Is 421598587 a prime number?
False
Is 131971517 composite?
True
Is 152744513 prime?
False
Is 923058259 prime?
True
Is 385406851 a composite number?
False
Is 85686061 a composite number?
True
Is 1908156685 a prime number?
False
Is 20218576733 composite?
False
Is 15458605607 composite?
True
Is 1622771887 composite?
True
Is 522262597 composite?
True
Is 2414186393 prime?
True
Is 1503504539 a prime number?
False
Is 682654631 composite?
True
Is 559794271 composite?
True
Is 45133034501 prime?
True
Is 19996261 composite?
False
Is 3920192821 a composite number?
False
Is 273229581047 composite?
False
Is 61048825237 composite?
False
Is 1076784503 a composite number?
True
Is 63146389 prime?
True
Is 2985095543 prime?
False
Is 3392275199 prime?
True
Is 2479674139 composite?
False
Is 566378179 composite?
False
Is 11907558977 prime?
True
Is 66060046307 composite?
True
Is 214594027 prime?
False
Is 24451904861 a prime number?
False
Is 40274495297 prime?
False
Is 83333191511 a composite number?
False
Is 98778643711 a composite number?
True
Is 9644656354 prime?
False
Is 11515656749 a prime number?
True
Is 532716421 composite?
True
Is 1127863651 a composite number?
True
Is 210080419 prime?
False
Is 158037353 prime?
True
Is 13923090283 a prime number?
False
Is 115498165823 composite?
False
Is 29693789987 a composite number?
True
Is 3252014203 composite?
False
Is 1997465207 a composite number?
False
Is 86917703 a prime number?
False
Is 21775266479 a prime number?
True
Is 50296624537 a composite number?
False
Is 167579078863 a composite number?
True
Is 1364274607 prime?
False
Is 30912641497 prime?
False
Is 52410840191 a composite number?
False
Is 65214619 a composite number?
False
Is 410552963047 a composite number?
False
Is 157481204689 a composite number?
True
Is 3460349117 a prime number?
True
Is 679460729 a composite number?
True
Is 48256239701 prime?
True
Is 19208187007 composite?
True
Is 53016482 a prime number?
False
Is 62588061527 a prime number?
False
Is 506786333 composite?
False
Is 3197548153 composite?
False
Is 8008161207 composite?
True
Is 18575337611 a composite number?
False
Is 1287571966 a prime number?
False
Is 496897231 a prime number?
False
Is 1218367313 a composite number?
True
Is 478521443 a prime number?
True
Is 29068458491 composite?
True
Is 315101723 prime?
False
Is 79296762421 a prime number?
False
Is 613963951 a prime number?
False
Is 3314610673 prime?
False
Is 2397964841 prime?
False
Is 26331067873 a prime number?
False
Is 56144320049 a prime number?
False
Is 2498221507 a composite number?
True
Is 14119374287 a prime number?
False
Is 25952470178 composite?
True
Is 597022057 prime?
False
Is 23531116541 prime?
False
Is 1383942227 a prime number?
False
Is 269716737749 composite?
False
Is 11228743129 prime?
False
Is 269775043 prime?
False
Is 183984139489 composite?
False
Is 562133591 prime?
True
Is 16843628657 composite?
False
Is 22560006779 composite?
True
Is 120198167 a composite number?
False
Is 760543453 prime?
False
Is 32205078089 a composite number?
False
Is 33167435051 composite?
False
Is 1438868867 a composite number?
True
Is 118014494437 prime?
False
Is 6533289083 prime?
True
Is 28582067413 a prime number?
True
Is 3042968407 prime?
False
Is 75753233293 a prime number?
False
Is 106850212681 a composite number?
True
Is 353214539 a composite number?
True
Is 12622506229 a composite number?
True
Is 1183556287 composite?
True
Is 610784911 a composite number?
True
Is 141460388717 a prime number?
True
Is 1242468193 a composite number?
False
Is 118139683507 prime?
True
Is 1059746111 a prime number?
True
Is 16586487343 prime?
False
Is 360764897 a composite number?
True
Is 693917453 prime?
True
Is 296753999 prime?
True
Is 269425267 composite?
True
Is 11810172193 prime?
False
Is 24329114237 prime?
True
Is 445947589 prime?
False
Is 9373661439 a prime number?
False
Is 89429276765 prime?
False
Is 21166439681 prime?
True
Is 8347303 composite?
False
Is 461606819 prime?
True
Is 2989300441 a prime number?
True
Is 22004938133 composite?
False
Is 230118223 a prime number?
True
Is 6340904693 a prime number?
True
Is 45410407771 a prime number?
False
Is 837059387 composite?
False
Is 4336387637 prime?
True
Is 584397683 prime?
True
Is 2615912333 prime?
True
Is 32074586701 a composite number?
True
Is 11357949121 composite?
True
Is 123734745487 a composite number?
False
Is 43229199229 prime?
True
Is 1122688067 prime?
True
Is 37056729077 prime?
True
Is 693834829 a composite number?
False
Is 552203453 prime?
True
Is 143751823 prime?
False
Is 17758909057 prime?
True
Is 3919181951 a prime number?
False
Is 242226737 prime?
True
Is 333456637 a composite number?
False
Is 277948313 a prime number?
False
Is 14804937739 composite?
True
Is 16920582235 prime?
False
Is 85370805883 composite?
True
Is 1049779537 a composite number?
True
Is 2732364037 a composite number?
True
Is 1281660503 a prime number?
True
Is 2084237683 a composite number?
True
Is 385136107 prime?
False
Is 1768167097 composite?
False
Is 395108687 a composite number?
False
Is 201398287 a composite number?
True
Is 19877482981 a composite number?
False
Is 2110356137 a prime number?
True
Is 54856729 a prime number?
False
Is 42881663249 a prime number?
False
Is 8474760089 a prime number?
False
Is 41382605867 a prime number?
False
Is 239467691353 prime?
False
Is 171428140571 a composite number?
True
Is 18921504073 a prime number?
False
Is 46055845337 prime?
True
Is 422895691 a prime number?
True
Is 23907421 a prime number?
False
Is 35130052211 a composite number?
True
Is 6518214179 composite?
False
Is 713022274 prime?
False
Is 107859511 a prime number?
True
Is 7912182299 composite?
True
Is 253361105141 composite?
False
Is 249839741 a prime number?
True
Is 13467117959 composite?
False
Is 13434314063 composite?
False
Is 745192219 composite?
True
Is 1266753443 composite?
False
Is 2969167571 composite?
False
Is 15824167 a prime number?
False
Is 871158491 a prime number?
False
Is 2236182721 a composite number?
True
Is 1662543239 a prime number?
False
Is 82596734419 prime?
True
Is 7412327843 composite?
True
Is 5545355359 a prime number?
True
Is 1344679451 composite?
False
Is 92738299 prime?
True
Is 290112421 a composite number?
False
Is 54945934981 a composite number?
True
Is 59735096461 composite?
True
Is 314753570437 composite?
True
Is 645436447 prime?
True
Is 38069952497 a prime number?
True
Is 400286309 composite?
True
Is 10340325631 a composite number?
False
Is 31438230643 prime?
True
Is 1743903617 a composite number?
False
Is 1137810431 prime?
True
Is 91280393 composite?
False
Is 191945379 a prime number?
False
Is 14528960977 a composite number?
True
Is 66780047 prime?
True
Is 28042845569 a composite number?
False
Is 277758739 prime?
False
Is 25063505315 a prime number?
False
Is 1433480197 composite?
True
Is 7363008339 prime?
False
Is 168552589 a composite number?
False
Is 11801789 prime?
False
Is 2257061431 composite?
False
Is 9857423365 a prime number?
False
Is 12891044993 composite?
False
Is 829052717 a composite number?
False
Is 2400349279 prime?
True
Is 2465781161 prime?
False
Is 23980238218 prime?
False
Is 6795763261 a compo